{"id":196,"date":"2021-11-16T09:56:47","date_gmt":"2021-11-16T08:56:47","guid":{"rendered":"http:\/\/192.168.1.18\/wordpress\/?page_id=196"},"modified":"2021-12-01T18:52:59","modified_gmt":"2021-12-01T17:52:59","slug":"partenaires","status":"publish","type":"page","link":"https:\/\/odcloud.synology.me\/wordpress\/partenaires\/","title":{"rendered":"Partenaires"},"content":{"rendered":"\n<h2>Le r\u00e9seau AXA<\/h2>\n\n\n\n<table id=\"tablepress-3\" class=\"tablepress tablepress-id-3\">\n<tbody>\n<tr class=\"row-1\">\n\t<td class=\"column-1\"><a href=\"https:\/\/www.agipi.com\/\" rel=\"noopener\" target=\"_blank\"><img src=\"https:\/\/odcloud.synology.me\/wordpress\/wp-content\/uploads\/2021\/11\/Agipi-Q-300x269.jpg\" alt=\"AGIPI\" width=\"300\" height=\"269\" class=\"aligncenter size-medium wp-image-230\" \/><\/a><\/td><td class=\"column-2\"><a href=\"https:\/\/www.ardian.com\/\" rel=\"noopener\" target=\"_blank\"><img src=\"https:\/\/odcloud.synology.me\/wordpress\/wp-content\/uploads\/2021\/12\/ardian.png\" alt=\"\" width=\"119\" height=\"119\" class=\"aligncenter size-full wp-image-354\" \/><\/a><\/td><td class=\"column-3\"><a href=\"https:\/\/www.axa-wealtheurope.lu\/fr\"><img src=\"https:\/\/odcloud.synology.me\/wordpress\/wp-content\/uploads\/2021\/12\/Axa-Wealth-Europe.jpg\" alt=\"\" width=\"272\" height=\"46\" class=\"aligncenter size-full wp-image-355\" \/><\/a><\/td><td class=\"column-4\"><a href=\"https:\/\/www.axa.fr\/compte-bancaire.html\"><img src=\"https:\/\/odcloud.synology.me\/wordpress\/wp-content\/uploads\/2021\/11\/Axa-banque-300x132.jpg\" alt=\"\" width=\"300\" height=\"132\" class=\"aligncenter size-medium wp-image-240\" \/><\/a><\/td>\n<\/tr>\n<tr class=\"row-2\">\n\t<td class=\"column-1\"><a href=\"https:\/\/www.anpere.fr\/\" rel=\"noopener\" target=\"_blank\"><img src=\"https:\/\/odcloud.synology.me\/wordpress\/wp-content\/uploads\/2021\/12\/head_logo-300x58.png\" alt=\"\" width=\"300\" height=\"58\" class=\"aligncenter size-medium wp-image-370\" \/><\/a><\/td><td class=\"column-2\"><a href=\"https:\/\/www.aprs.asso.fr\/\" rel=\"noopener\" target=\"_blank\"><img src=\"https:\/\/odcloud.synology.me\/wordpress\/wp-content\/uploads\/2021\/12\/logo_aprs-1.jpg\" alt=\"\" width=\"207\" height=\"125\" class=\"aligncenter size-full wp-image-379\" \/><\/a><\/td><td class=\"column-3\"><a href=\"https:\/\/www.drouotestate.fr\/\" rel=\"noopener\" target=\"_blank\"><img src=\"https:\/\/odcloud.synology.me\/wordpress\/wp-content\/uploads\/2021\/12\/drouot.png\" alt=\"\" width=\"300\" height=\"300\" class=\"aligncenter size-full wp-image-377\" \/><\/a><\/td><td class=\"column-4\"><\/td>\n<\/tr>\n<tr class=\"row-3\">\n\t<td class=\"column-1\"><\/td><td class=\"column-2\"><\/td><td class=\"column-3\"><\/td><td class=\"column-4\"><\/td>\n<\/tr>\n<tr class=\"row-4\">\n\t<td class=\"column-1\"><\/td><td class=\"column-2\"><\/td><td class=\"column-3\"><\/td><td class=\"column-4\"><\/td>\n<\/tr>\n<tr class=\"row-5\">\n\t<td class=\"column-1\"><\/td><td class=\"column-2\"><\/td><td class=\"column-3\"><\/td><td class=\"column-4\"><\/td>\n<\/tr>\n<\/tbody>\n<\/table>\n\n","protected":false},"excerpt":{"rendered":"<p>Le r\u00e9seau AXA<\/p>\n","protected":false},"author":1,"featured_media":0,"parent":0,"menu_order":0,"comment_status":"closed","ping_status":"closed","template":"","meta":{"neve_meta_sidebar":"default","neve_meta_container":"contained","neve_meta_enable_content_width":"on","neve_meta_content_width":80,"neve_meta_title_alignment":"center","neve_meta_author_avatar":"","neve_post_elements_order":"","neve_meta_disable_header":"","neve_meta_disable_footer":"","neve_meta_disable_title":"on","ngg_post_thumbnail":0},"categories":[],"tags":[],"yoast_head":"<!-- This site is optimized with the Yoast SEO plugin v18.0 - https:\/\/yoast.com\/wordpress\/plugins\/seo\/ -->\n<title>Partenaires - SD Pr\u00e9voyance et Patrimoine<\/title>\n<meta name=\"robots\" content=\"index, follow, max-snippet:-1, max-image-preview:large, max-video-preview:-1\" \/>\n<link rel=\"canonical\" href=\"https:\/\/odcloud.synology.me\/wordpress\/partenaires\/\" \/>\n<meta property=\"og:locale\" content=\"fr_FR\" \/>\n<meta property=\"og:type\" content=\"article\" \/>\n<meta property=\"og:title\" content=\"Partenaires - SD Pr\u00e9voyance et Patrimoine\" \/>\n<meta property=\"og:description\" content=\"Le r\u00e9seau AXA\" \/>\n<meta property=\"og:url\" content=\"https:\/\/odcloud.synology.me\/wordpress\/partenaires\/\" \/>\n<meta property=\"og:site_name\" content=\"SD Pr\u00e9voyance et Patrimoine\" \/>\n<meta property=\"article:modified_time\" content=\"2021-12-01T17:52:59+00:00\" \/>\n<meta name=\"twitter:card\" content=\"summary_large_image\" \/>\n<script type=\"application\/ld+json\" class=\"yoast-schema-graph\">{\"@context\":\"https:\/\/schema.org\",\"@graph\":[{\"@type\":\"Organization\",\"@id\":\"https:\/\/odcloud.synology.me\/wordpress\/#organization\",\"name\":\"Cabinet SD2P\",\"url\":\"https:\/\/odcloud.synology.me\/wordpress\/\",\"sameAs\":[],\"logo\":{\"@type\":\"ImageObject\",\"@id\":\"https:\/\/odcloud.synology.me\/wordpress\/#logo\",\"inLanguage\":\"fr-FR\",\"url\":\"https:\/\/odcloud.synology.me\/wordpress\/wp-content\/uploads\/2021\/11\/cropped-Logo-SDPP-complet.jpg\",\"contentUrl\":\"https:\/\/odcloud.synology.me\/wordpress\/wp-content\/uploads\/2021\/11\/cropped-Logo-SDPP-complet.jpg\",\"width\":751,\"height\":274,\"caption\":\"Cabinet SD2P\"},\"image\":{\"@id\":\"https:\/\/odcloud.synology.me\/wordpress\/#logo\"}},{\"@type\":\"WebSite\",\"@id\":\"https:\/\/odcloud.synology.me\/wordpress\/#website\",\"url\":\"https:\/\/odcloud.synology.me\/wordpress\/\",\"name\":\"SD Pr\u00e9voyance et Patrimoine\",\"description\":\"Agent G\u00e9n\u00e9ral d&#039;Assurance sp\u00e9cialis\u00e9 en Pr\u00e9oyance Sant\u00e9 et Retraite \u00e0 Bordeaux Gironde Aquitaine\",\"publisher\":{\"@id\":\"https:\/\/odcloud.synology.me\/wordpress\/#organization\"},\"potentialAction\":[{\"@type\":\"SearchAction\",\"target\":{\"@type\":\"EntryPoint\",\"urlTemplate\":\"https:\/\/odcloud.synology.me\/wordpress\/?s={search_term_string}\"},\"query-input\":\"required name=search_term_string\"}],\"inLanguage\":\"fr-FR\"},{\"@type\":\"WebPage\",\"@id\":\"https:\/\/odcloud.synology.me\/wordpress\/partenaires\/#webpage\",\"url\":\"https:\/\/odcloud.synology.me\/wordpress\/partenaires\/\",\"name\":\"Partenaires - SD Pr\u00e9voyance et Patrimoine\",\"isPartOf\":{\"@id\":\"https:\/\/odcloud.synology.me\/wordpress\/#website\"},\"datePublished\":\"2021-11-16T08:56:47+00:00\",\"dateModified\":\"2021-12-01T17:52:59+00:00\",\"breadcrumb\":{\"@id\":\"https:\/\/odcloud.synology.me\/wordpress\/partenaires\/#breadcrumb\"},\"inLanguage\":\"fr-FR\",\"potentialAction\":[{\"@type\":\"ReadAction\",\"target\":[\"https:\/\/odcloud.synology.me\/wordpress\/partenaires\/\"]}]},{\"@type\":\"BreadcrumbList\",\"@id\":\"https:\/\/odcloud.synology.me\/wordpress\/partenaires\/#breadcrumb\",\"itemListElement\":[{\"@type\":\"ListItem\",\"position\":1,\"name\":\"Accueil\",\"item\":\"https:\/\/odcloud.synology.me\/wordpress\/\"},{\"@type\":\"ListItem\",\"position\":2,\"name\":\"Partenaires\"}]}]}<\/script>\n<!-- \/ Yoast SEO plugin. -->","yoast_head_json":{"title":"Partenaires - SD Pr\u00e9voyance et Patrimoine","robots":{"index":"index","follow":"follow","max-snippet":"max-snippet:-1","max-image-preview":"max-image-preview:large","max-video-preview":"max-video-preview:-1"},"canonical":"https:\/\/odcloud.synology.me\/wordpress\/partenaires\/","og_locale":"fr_FR","og_type":"article","og_title":"Partenaires - SD Pr\u00e9voyance et Patrimoine","og_description":"Le r\u00e9seau AXA","og_url":"https:\/\/odcloud.synology.me\/wordpress\/partenaires\/","og_site_name":"SD Pr\u00e9voyance et Patrimoine","article_modified_time":"2021-12-01T17:52:59+00:00","twitter_card":"summary_large_image","schema":{"@context":"https:\/\/schema.org","@graph":[{"@type":"Organization","@id":"https:\/\/odcloud.synology.me\/wordpress\/#organization","name":"Cabinet SD2P","url":"https:\/\/odcloud.synology.me\/wordpress\/","sameAs":[],"logo":{"@type":"ImageObject","@id":"https:\/\/odcloud.synology.me\/wordpress\/#logo","inLanguage":"fr-FR","url":"https:\/\/odcloud.synology.me\/wordpress\/wp-content\/uploads\/2021\/11\/cropped-Logo-SDPP-complet.jpg","contentUrl":"https:\/\/odcloud.synology.me\/wordpress\/wp-content\/uploads\/2021\/11\/cropped-Logo-SDPP-complet.jpg","width":751,"height":274,"caption":"Cabinet SD2P"},"image":{"@id":"https:\/\/odcloud.synology.me\/wordpress\/#logo"}},{"@type":"WebSite","@id":"https:\/\/odcloud.synology.me\/wordpress\/#website","url":"https:\/\/odcloud.synology.me\/wordpress\/","name":"SD Pr\u00e9voyance et Patrimoine","description":"Agent G\u00e9n\u00e9ral d&#039;Assurance sp\u00e9cialis\u00e9 en Pr\u00e9oyance Sant\u00e9 et Retraite \u00e0 Bordeaux Gironde Aquitaine","publisher":{"@id":"https:\/\/odcloud.synology.me\/wordpress\/#organization"},"potentialAction":[{"@type":"SearchAction","target":{"@type":"EntryPoint","urlTemplate":"https:\/\/odcloud.synology.me\/wordpress\/?s={search_term_string}"},"query-input":"required name=search_term_string"}],"inLanguage":"fr-FR"},{"@type":"WebPage","@id":"https:\/\/odcloud.synology.me\/wordpress\/partenaires\/#webpage","url":"https:\/\/odcloud.synology.me\/wordpress\/partenaires\/","name":"Partenaires - SD Pr\u00e9voyance et Patrimoine","isPartOf":{"@id":"https:\/\/odcloud.synology.me\/wordpress\/#website"},"datePublished":"2021-11-16T08:56:47+00:00","dateModified":"2021-12-01T17:52:59+00:00","breadcrumb":{"@id":"https:\/\/odcloud.synology.me\/wordpress\/partenaires\/#breadcrumb"},"inLanguage":"fr-FR","potentialAction":[{"@type":"ReadAction","target":["https:\/\/odcloud.synology.me\/wordpress\/partenaires\/"]}]},{"@type":"BreadcrumbList","@id":"https:\/\/odcloud.synology.me\/wordpress\/partenaires\/#breadcrumb","itemListElement":[{"@type":"ListItem","position":1,"name":"Accueil","item":"https:\/\/odcloud.synology.me\/wordpress\/"},{"@type":"ListItem","position":2,"name":"Partenaires"}]}]}},"_links":{"self":[{"href":"https:\/\/odcloud.synology.me\/wordpress\/wp-json\/wp\/v2\/pages\/196"}],"collection":[{"href":"https:\/\/odcloud.synology.me\/wordpress\/wp-json\/wp\/v2\/pages"}],"about":[{"href":"https:\/\/odcloud.synology.me\/wordpress\/wp-json\/wp\/v2\/types\/page"}],"author":[{"embeddable":true,"href":"https:\/\/odcloud.synology.me\/wordpress\/wp-json\/wp\/v2\/users\/1"}],"replies":[{"embeddable":true,"href":"https:\/\/odcloud.synology.me\/wordpress\/wp-json\/wp\/v2\/comments?post=196"}],"version-history":[{"count":20,"href":"https:\/\/odcloud.synology.me\/wordpress\/wp-json\/wp\/v2\/pages\/196\/revisions"}],"predecessor-version":[{"id":381,"href":"https:\/\/odcloud.synology.me\/wordpress\/wp-json\/wp\/v2\/pages\/196\/revisions\/381"}],"wp:attachment":[{"href":"https:\/\/odcloud.synology.me\/wordpress\/wp-json\/wp\/v2\/media?parent=196"}],"wp:term":[{"taxonomy":"category","embeddable":true,"href":"https:\/\/odcloud.synology.me\/wordpress\/wp-json\/wp\/v2\/categories?post=196"},{"taxonomy":"post_tag","embeddable":true,"href":"https:\/\/odcloud.synology.me\/wordpress\/wp-json\/wp\/v2\/tags?post=196"}],"curies":[{"name":"wp","href":"https:\/\/api.w.org\/{rel}","templated":true}]}}